 is divided by 472.
192
Calculate the remainder when 72990986 is divided by 574.
572
What is the remainder when 223717 is divided by 2983?
2975
Calculate the remainder when 110742618 is divided by 355.
13
What is the remainder when 3565744 is divided by 363?
358
What is the remainder when 972890 is divided by 8?
2
What is the remainder when 1583731 is divided by 1583718?
13
Calculate the remainder when 4055778 is divided by 9868.
30
What is the remainder when 3152743 is divided by 2856?
2575
Calculate the remainder when 1062199 is divided by 42.
19
Calculate the remainder when 10799098 is divided by 277.
253
What is the remainder when 94000 is divided by 13291?
963
What is the remainder when 2678079 is divided by 2943?
2892
What is the remainder when 5661746 is divided by 14?
6
Calculate the remainder when 4520483 is divided by 45660.
143
Calculate the remainder when 1038645 is divided by 25332.
33
Calculate the remainder when 8354714 is divided by 322.
102
What is the remainder when 19222315 is divided by 184?
19
Calculate the remainder when 6511 is divided by 478.
297
What is the remainder when 2041141 is divided by 1020570?
1
Calculate the remainder when 72498662 is divided by 14835.
17
Calculate the remainder when 18514 is divided by 975.
964
Calculate the remainder when 2198378 is divided by 879.
878
What is the remainder when 13470289 is divided by 4050?
4039
What is the remainder when 1952905 is divided by 1324?
5
What is the remainder when 151535 is divided by 75696?
143
Calculate the remainder when 856937 is divided by 55.
37
Calculate the remainder when 7530994 is divided by 4008.
3970
Calculate the remainder when 11262846 is divided by 345.
321
What is the remainder when 11602260 is divided by 2195?
1685
What is the remainder when 15995109 is divided by 144?
21
What is the remainder when 1500233277 is divided by 2912?
2909
Calculate the remainder when 699674 is divided by 174871.
190
Calculate the remainder when 45443103 is divided by 1187.
1182
What is the remainder when 74652 is divided by 24860?
72
Calculate the remainder when 3473951 is divided by 49.
47
Calculate the remainder when 99871673 is divided by 16645276.
17
What is the remainder when 412587 is divided by 137154?
1125
What is the remainder when 1837251 is divided by 612385?
96
Calculate the remainder when 126561 is divided by 7.
1
Calculate the remainder when 5279802 is divided by 122.
8
Calculate the remainder when 1598355 is divided by 5189.
143
What is the remainder when 2002174 is divided by 237?
235
What is the remainder when 1342828 is divided by 16?
12
Calculate the remainder when 22996017 is divided by 17.
15
Calculate the remainder when 102025 is divided by 100577.
1448
Calculate the remainder when 7705043 is divided by 54.
53
Calculate the remainder when 85168863 is divided by 2449.
2439
What is the remainder when 7231034 is divided by 45?
29
Calculate the remainder when 112296 is divided by 17.
11
What is the remainder when 63746 is divided by 14967?
3878
Calculate the remainder when 528749 is divided by 105729.
104
Calculate the remainder when 15878315 is divided by 417850.
15
What is the remainder when 456332 is divided by 4656?
44
What is the remainder when 4841295 is divided by 1829?
1761
What is the remainder when 5881844 is divided by 30009?
80
What is the remainder when 5016297 is divided by 15?
12
What is the remainder when 96580 is divided by 625?
330
Calculate the remainder when 5378164 is divided by 13933.
26
Calculate the remainder when 7774853 is divided by 50486.
9
What is the remainder when 6577222 is divided by 313?
153
What is the remainder when 219819 is divided by 5613?
912
What is the remainder when 6851516 is divided by 6970?
6
What is the remainder when 12315790 is divided by 1628?
1598
What is the remainder when 55845458 is divided by 946533?
11
Calculate the remainder when 5179406 is divided by 258970.
6
What is the remainder when 3728892 is divided by 57367?
37
Calculate the remainder when 654378 is divided by 7599.
864
What is the remainder when 28870207 is divided by 289?
263
What is the remainder when 40633 is divided by 111?
7
What is the remainder when 53322 is divided by 516?
174
Calculate the remainder when 193092425 is divided by 64364140.
5
Calculate the remainder when 536467624 is divided by 925.
924
Calculate the remainder when 152784 is divided by 106.
38
What is the remainder when 107980 is divided by 9645?
1885
Calculate the remainder when 338363 is divided by 2802.
2123
What is the remainder when 1795195 is divided by 447?
43
Calculate the remainder when 1283498 is divided by 274.
82
Calculate the remainder when 687151 is divided by 75.
1
Calculate the remainder when 8524045 is divided by 2841346.
7
What is the remainder when 3323994 is divided by 293?
202
Calculate the remainder when 3626288 is divided by 79.
30
What is the remainder when 196239 is divided by 98101?
37
What is the remainder when 165879 is divided by 447?
42
Calculate the remainder when 1160391 is divided by 206.
199
Calculate the remainder when 152740 is divided by 168.
28
Calculate the remainder when 17504080 is divided by 4376016.
16
Calculate the remainder when 26293485 is divided by 5258697.
0
What is the remainder when 474729 is divided by 59198?
1145
Calculate the remainder when 11661362 is divided by 551.
549
What is the remainder when 2560213 is divided by 83?
78
Calculate the remainder when 1779 is divided by 127.
1
Calculate the remainder when 327948 is divided by 13.
10
Calculate the remainder when 13471272 is divided by 63543.
156
What is the remainder when 290910005 is divided by 43?
41
Calculate the remainder when 1905452 is divided by 118.
106
What is the remainder when 936214 is divided by 33434?
62
Calculate the remainder when 119774470 is divided by 12.
10
Calculate the remainder when 30278510 is divided by 176.
174
What is the remainder when 2363619 is divided by 1867?
1864
What is the remainder when 115882 is divided by 852?
10
What is the remainder when 212693 is divided by 949?
117
What is the remainder when 41261298 is divided by 311?
306
Calculate the remainder when 26228147 is divided by 32.
19
What is the remainder when 1215232 is divided by 607604?
24
What is the remainder when 79725 is divided by 9323?
5141
Calculate the remainder when 134198 is divided by 9432.
2150
Calculate the remainder when 126296 is divided by 12.
8
Calculate the remainder when 82807065 is divided by 559507.
29
Calculate the remainder when 20318491 is divided by 20318478.
13
What is the remainder when 655468 is divided by 6414?
1240
Calculate the remainder when 83180 is divided by 20143.
2608
What is the remainder when 5095323 is divided by 2547656?
11
What is the remainder when 33944 is divided by 33207?
737
Calculate the remainder when 3684217 is divided by 123.
121
Calculate the remainder when 1528685 is divided by 69485.
15
What is the remainder when 2541093 is divided by 16394?
23
What is the remainder when 4717313 is divided by 277487?
34
What is the remainder when 4380452 is divided by 231?
230
What is the remainder when 217476 is divided by 36?
0
What is the remainder when 22296 is divided by 8420?
5456
What is the remainder when 406251766 is divided by 19?
17
Calculate the remainder when 8649645 is divided by 16602.
3
Calculate the remainder when 13416826 is divided by 67084.
26
What is the remainder when 49580 is divided by 191?
111
What is the remainder when 1878399 is divided by 626132?
3
Calculate the remainder when 13151631 is divided by 74.
55
What is the remainder when 7573 is divided by 449?
389
Calculate the remainder when 40172686 is divided by 28.
22
What is the remainder when 1557429 is divided by 4142?
37
What is the remainder when 56776 is divided by 2483?
2150
What is the remainder when 62651 is divided by 1903?
1755
What is the remainder when 439182 is divided by 555?
177
What is the remainder when 377563 is divided by 17979?
4
Calculate the remainder when 14037916 is divided by 170.
166
What is the remainder when 83702 is divided by 1066?
554
Calculate the remainder when 480739 is divided by 920.
499
Calculate the remainder when 10244729 is divided by 918.
767
What is the remainder when 36715424 is divided by 28156?
0
Ca